/(-30)). Suppose 4*k + a - 162 = 0, 0*k - 4*k - 2*a + 164 = 0. What is the remainder when k is divided by 2 + p + (0 - 2)?
12
Let w(p) = -p**3 + 2*p**2 + 3*p. Let f be w(-2). Calculate the remainder when 9 is divided by (-12)/f*(-40)/12.
1
Let y be 204/14 - 28/49. Let l = -3 + y. What is the remainder when (-97)/(-3) - 2/6 is divided by l?
10
What is the remainder when 2133/297 - (-2)/(-11) is divided by 2 - (-2 + (1 - 1))?
3
Let t(h) = 38 - 13*h - 3*h**3 + 4*h**3 + 15*h. Calculate the remainder when t(0) is divided by 13.
12
Let d(a) = 32*a. Let h = -306 + 324. Calculate the remainder when d(1) is divided by h.
14
Let l = -7429 - -7459. Let d be ((-3)/2)/((-3)/8). Let r = d + 7. Calculate the remainder when l is divided by r.
8
Suppose 231 + 153 = -4*w. Let p = w + 114. What is the remainder when 30 is divided by p?
12
Suppose 0 = -2*r + 2*y - 4, 2*y + 14 = -4*r - 0*r. Let d(j) = j**2 + 3. Suppose 9 = -5*p + 34. What is the remainder when d(r) is divided by p?
2
Suppose 18*y + 14*y = 3808. What is the remainder when y is divided by (-297)/(-12) - 9/12?
23
Let c(w) = -17*w - 85. Calculate the remainder when 80 is divided by c(-6).
12
Suppose 52 = 5*s - 13. What is the remainder when 44 is divided by s?
5
Let l(u) = u**3 - 13*u**2 - 2*u + 16. Let c be l(13). Let d(f) = f**2 + 11*f + 15. Calculate the remainder when 7 is divided by d(c).
2
Suppose 0 = 50*l - 54*l + 36. What is the remainder when 35 is divided by l?
8
Suppose 9*x + 3*x - 744 = 0. Calculate the remainder when x is divided by (-300)/(-18) - 2/3.
14
Let b be (36/(-30))/((-6)/20). Suppose -3 = -x + 61. Calculate the remainder when 105 is divided by 9/4*x/b.
33
Let z = -8 - -17. Let t = -1 - -4. Suppose -13 + 1 = -t*a. Calculate the remainder when z is divided by a.
1
Let v(z) = -z**2 - 7*z + 2. Let m = 154 + -58. Calculate the remainder when m is divided by v(-4).
12
Let q = -5 - -26. Let j = -9 + 11. Calculate the remainder when q is divided by (60/3)/j + 1.
10
Suppose 0 = 5*t + 128 - 438. Let z be 72/5 + (-4)/10. What is the remainder when t is divided by 301/z - (-1)/(-2)?
20
Suppose -3*z = g - 314, -5*g = 3*z - 2*g - 324. What is the remainder when z is divided by 32?
7
Suppose -21*c = -25*c - 16. What is the remainder when ((-4)/((-16)/(-396)))/(c/4) is divided by 20?
19
Let d be ((-8)/2 + 3)*17. Let v = d + 37. Calculate the remainder when 37 is divided by v.
17
Let r = -952 - -988. What is the remainder when 214 is divided by r?
34
Suppose -2*f - 186 = -3*d, f + f = 0. Suppose -3*a = 7 - 79. What is the remainder when d is divided by a?
14
Suppose 4*d - 72 = -4*y, 41 + 27 = 4*y + 3*d. Calculate the remainder when 108 is divided by y.
10
Let n = 65 - -206. What is the remainder when n is divided by 13?
11
Let i = -28 + 55. What is the remainder when i is divided by (-2)/9 + (-130)/(-18)?
6
Suppose -27*l = -189 - 0. Calculate the remainder when 31 is divided by l.
3
Let c = 58 + -50. What is the remainder when 215 is divided by c?
7
Let r(t) = t**3 + 7*t**2 - 10*t + 14. Let h be r(-8). What is the remainder when 21 is divided by ((-8)/10)/((-4)/h)?
3
Suppose 125*c - 122*c - 16 = -5*h, -4*h - 2*c = -12. Calculate the remainder when (3 + -2)*(2 - -9) is divided by h.
1
Let i be -10 + 102 + 2 + -1. Let o = -48 + i. Calculate the remainder when o is divided by (-2)/8 + (-147)/(-12).
9
Suppose 5*t = -15, -4*o - 2*t = -5*o + 111. Suppose -h + 2*y + 98 = 3*h, o = 4*h + 5*y. Calculate the remainder when 97 is divided by h.
22
Let h(x) = 3*x + 98. What is the remainder when h(49) is divided by 52?
37
Let a(g) = 3*g**2 - 149*g + 128. What is the remainder when a(50) is divided by 74?
30
Suppose 0 = -13*m + 15*m + 5*b - 14, -2*b + 7 = m. What is the remainder when 11 is divided by m?
4
Let x = 5 + 8. What is the remainder when 19*-1*-1*(14 - 10) is divided by x?
11
Let t = 2 + 32. What is the remainder when t is divided by (1 - 31)*(-7)/21?
4
Suppose 6*m - 4*m = n + 624, 3*n = 2*m - 628. What is the remainder when m is divided by 15?
11
Suppose -24*u = -2*h - 19*u + 120, -2*h = 3*u - 152. What is the remainder when h is divided by 39?
31
Suppose -18 = -3*g + p + 2*p, 22 = 2*g + 3*p. What is the remainder when g is divided by 1?
0
Suppose 3*p = 5*p + 64. Let d be -4 - p/(-2 - -6). Calculate the remainder when ((-69)/(-12))/1*d is divided by 5.
3
Suppose j = -6 + 3. Let c(g) = -5*g - 2. Let i be c(j). Suppose -8*k + i*k = 35. What is the remainder when 20 is divided by k?
6
Let n = 10 + 4. Let q = 15 - n. Suppose -6 - 3 = -3*h. Calculate the remainder when h is divided by q.
0
Let r(o) = -21*o + 4. Let s(g) = -11*g + 2. Let m(f) = 2*r(f) - 5*s(f). Let k be m(5). Suppose -2*u - k = -5*u. Calculate the remainder when 39 is divided by u.
18
Let i(x) = -2*x**3 + 20*x**2 - x + 38. What is the remainder when 111 is divided by i(10)?
27
What is the remainder when 88 is divided by (-76)/(-12)*(24 - 21)?
12
Suppose -3*i = -5*g - 51, 4*i + 8*g - 11*g = 90. What is the remainder when 145/3 + 6/9 is divided by i?
22
Let c = 1008 + -882. What is the remainder when c is divided by 19?
12
Let k(x) = 138*x - 525. Calculate the remainder when k(4) is divided by 2.
1
Let l be (-4)/(-10) - (-112)/20. Suppose -q = -3 - l. Calculate the remainder when 53 is divided by q.
8
Suppose -2*z + 4*i = -25 + 5, 3*z - 3*i - 24 = 0. Let y(o) = o**2 - 8*o + 15. Let f be y(z). What is the remainder when 49 is divided by ((-1)/f)/((-2)/150)?
24
What is the remainder when 9 is divided by (7 + -1)*(15/(-6))/(-5)?
0
Let m = -216 + 302. Let p(v) = -v**3 + 32*v**2 - 35*v + 142. What is the remainder when m is divided by p(31)?
14
Let w(h) = -h**2 - 16*h - 104. Let g be w(-15). Suppose j + 4 = -3. Calculate the remainder when (-4)/(-14) + g/j is divided by 7.
6
Let m(u) = -u**2 + 14*u + 6. Let y be m(10). Let w = y - 28. What is the remainder when w is divided by 12?
6
Suppose 2*t - 530 = -x, t - 4*x = -5*x + 267. Calculate the remainder when t is divided by 24.
23
Suppose 0 = 3*a - 29 - 112. Calculate the remainder when 516 is divided by a.
46
Suppose 0 = -8*z + 15*z - 7413. What is the remainder when z is divided by 118?
115
Suppose -5*d + 4*u = 4 - 5, 2*d + 2*u + 14 = 0. Calculate the remainder when 10 is divided by 3/(-9) - -3 - (-2)/d.
0
Let b(l) = -l**3 - 7*l**2 - 8*l - 7. Suppose -5*z - 12 = 18. Calculate the remainder when b(z) is divided by 3.
2
Let y(x) = -19*x + 12. Calculate the remainder when 118 is divided by y(-1).
25
Suppose -44*o + 40*o = -s + 62, 5*s = 3*o + 310. What is the remainder when s is divided by 54?
8
Let v(m) = -m**3 - m + 6. Let p be v(0). Suppose -4*l - 3*g = -42, 0 = -4*g + g + p. Calculate the remainder when l is divided by 3.
0
Let q = -7 - -11. Let n = 17 + q. Suppose 101 = 4*k + n. Calculate the remainder when k is divided by 7.
6
Let k(v) = -8*v - 4*v + 3*v. Calculate the remainder when (133/(-57) + 2*2)*21 is divided by k(-2).
17
Let n(f) = 17*f + 699. What is the remainder when n(-31) is divided by 6?
4
Let l(j) = -8*j - 4. Let b(c) = 9*c + 5. Let d(t) = -6*b(t) - 7*l(t). Let r be d(3). Suppose -r*u + 32 = -4. Calculate the remainder when 16 is divided by u.
7
Suppose 744 = 15*w - 321. What is the remainder when w is divided by 35?
1
Let j(g) = 5*g**2 + 3*g + 2. Let n be j(3). Let w = n - 49. What is the remainder when 26 is divided by w?
5
Let z(l) = -2*l**2 + 67*l + 11. Calculate the remainder when z(30) is divided by 5.
1
Suppose -1677 + 249 = -4*c. What is the remainder when c is divided by 20?
17
Suppose -20 = -6*c + c. Suppose -j = r + 4*r, -c*j + 3*r = 23. Calculate the remainder when 71 is divided by 3*(-4 - -3)*j.
11
Let v(f) = -3*f - 12. Let t be v(-9). Suppose -5*b - t + 65 = 0. Calculate the remainder when 59 is divided by b.
9
Let o = 27 + -8. Let n be (31/(-93))/(1/(-81)). Suppose -c = -n - o. What is the remainder when c is divided by 12?
10
Let r = -539 + 550. What is the remainder when 27 is divided by r?
5
Suppose 14*y + 374 = 1200. Calculate the remainder when y is divided by 11.
4
Suppose 7*f = 19 - 5. Let s = 4 - 2. What is the remainder when (f/3)/(6/27) is divided by s?
1
Suppose 29 + 41 = 5*o. Suppose 5*p - 2*n - 38 = 0, -p + 0*p - o = 5*n. Calculate the remainder when 22 is divided by p.
4
Let z(q) = q**2 - 34*q - 39. Calculate the remainder when 502 is divided by